6564?
-274466561
In base 6, what is -41135354445 + -1?
-41135354450
In base 7, what is 261621251 - 5?
261621243
In base 12, what is -1 - 14734a0?
-14734a1
In base 12, what is -1a994 + 348b?
-17505
In base 11, what is 716 - -2648?
3263
In base 13, what is 39633 + -25?
3960b
In base 10, what is 306286 - 696?
305590
In base 9, what is -2672530 + 5?
-2672524
In base 11, what is -1093 + -3327?
-440a
In base 6, what is -512240041 + 43?
-512235554
In base 7, what is -5336 - -2416?
-2620
In base 11, what is 3 - 2064886?
-2064883
In base 11, what is -3 + 6419361?
6419359
In base 16, what is -10744 + 5d?
-106e7
In base 13, what is -191 - 6a866?
-6aa27
In base 9, what is 4453765 - 110?
4453655
In base 5, what is 14204 - 101334?
-32130
In base 14, what is 4 - -787d8a?
787d90
In base 3, what is -210221202 + -1?
-210221210
In base 5, what is 442 - 213304102?
-213303110
In base 5, what is -10 + -41212314044?
-41212314104
In base 5, what is -20 + -111440301?
-111440321
In base 14, what is aa - 31160?
-31094
In base 5, what is 1204 + 442411123?
442412332
In base 13, what is -1325c - -5c7?
-12965
In base 9, what is -3 + 212085104?
212085101
In base 4, what is 200110020110 - 13?
200110020031
In base 8, what is 41205 + 1143?
42350
In base 10, what is 2 + -211540?
-211538
In base 12, what is 2025 - 273a6?
-25381
In base 6, what is -11523 + -110421?
-122344
In base 5, what is 0 + 320040012?
320040012
In base 12, what is -3b4 + 25b14?
25720
In base 8, what is -10775 - 1317?
-12314
In base 3, what is -10002 + 12210100221?
12210020212
In base 9, what is 2581287346 - 1?
2581287345
In base 5, what is 3412010332 + 2?
3412010334
In base 4, what is -33321 - -1320332?
1221011
In base 6, what is -441 - -1201110?
1200225
In base 2, what is 10 + 1101010010010000100100110000?
1101010010010000100100110010
In base 11, what is 10a9917 - 21?
10a98a6
In base 4, what is 223301322 - -21?
223302003
In base 9, what is 130538 + -137?
130401
In base 4, what is -1131320033331 - 2?
-1131320033333
In base 4, what is -1122 + 2301013?
2233231
In base 3, what is 11 - -2011122000222200?
2011122000222211
In base 9, what is -4 - 2522800?
-2522804
In base 4, what is 110132131130212 + 11?
110132131130223
In base 14, what is -513 + -3d486?
-3d999
In base 6, what is 34412 - -223550?
302402
In base 5, what is 234400303200 + 1?
234400303201
In base 12, what is -442338 + -3?
-44233b
In base 9, what is -16472274 + 46?
-16472227
In base 8, what is -26722346 - -21?
-26722325
In base 16, what is 128deea8 + -1?
128deea7
In base 6, what is 125232040 - -1?
125232041
In base 15, what is -6bcb + -41?
-6c1c
In base 7, what is 12 - -54142551?
54142563
In base 15, what is 42c1bc - 5?
42c1b7
In base 9, what is 10 + 6652328?
6652338
In base 15, what is 0 - 673ca?
-673ca
In base 16, what is -2e8c - -3de8?
f5c
In base 14, what is 4 - -16942a?
169430
In base 7, what is -521165 - 242?
-521440
In base 14, what is 109081b89 + 1?
109081b8a
In base 2, what is -101 - 100111111101011110010001?
-100111111101011110010110
In base 12, what is 68a5 - -3a61?
a746
In base 16, what is -1add6 - -2b?
-1adab
In base 16, what is 213154 - 4?
213150
In base 14, what is 46b234 - 3?
46b231
In base 12, what is -3904 - 13b21?
-17825
In base 15, what is 10adbdd + -e?
10adbce
In base 2, what is 1100110 - 1011100000?
-1001111010
In base 5, what is -4 - 10314000200?
-10314000204
In base 16, what is -10d5 - -140f?
33a
In base 7, what is 1421231250 + 22?
1421231302
In base 16, what is -122c8f - -1?
-122c8e
In base 14, what is 4 + -24a4d379?
-24a4d375
In base 11, what is 66427a - 126?
664154
In base 11, what is -1603a385 + -7?
-1603a391
In base 15, what is 1 + -174eea?
-174ee9
In base 14, what is 1097 + -a354?
-929b
In base 10, what is 0 - -8274432?
8274432
In base 5, what is 1 + 421314312?
421314313
In base 16, what is 197af - -118?
198c7
In base 6, what is 31511 - 105452?
-33541
In base 6, what is 121401 - 5300?
112101
In base 13, what is 187 - 46717?
-46560
In base 14, what is -71 + -11b46c?
-11b4dd
In base 15, what is -106a7e5 - -8?
-106a7dc
In base 7, what is 12442263 - 4?
12442256
In base 2, what is 1010 - 1100011100000001010100101?
-1100011100000001010011011
In base 6, what is 4345225 - -30?
4345255
In base 13, what is -5a7bcc - 78?
-5a7c77
In base 3, what is 10 - 10101212121222002?
-10101212121221222
In base 12, what is -2 + -225b9a?
-225ba0
In base 7, what is 116213030 - -66?
116213126
In base 16, what is -27 - 25c8a?
-25cb1
In base 9, what is -334240280 - -2?
-334240277
In base 8, what is 261127360 - -4?
261127364
In base 14, what is -b3d9cd - -9b?
-b3d932
In base 11, what is -413 + -9263?
-9676
In base 13, what is -5258 + 984?
-45a4
In base 14, what is 5b4 + -6625?
-6051
In base 5, what is -112222310 - 1430?
-112224240
In base 16, what is b + -385fee?
-385fe3
In base 14, what is -57d3c08 + 3?
-57d3c05
In base 14, what is -3709b2 - -6?
-3709aa
In base 11, what is -1125 - -4225?
3100
In base 3, what is 1010000020022 - 1?
1010000020021
In base 15, what is -1877e2 - -8c?
-187755
In base 6, what is 132124 + -24055?
104025
In base 10, what is 103109 - 131?
102978
In base 16, what is -6f + 39a94?
39a25
In base 8, what is -21722360 - 2?
-21722362
In base 15, what is 3694 + -48ba?
-1226
In base 11, what is -19117a89 - 1?
-19117a8a
In base 10, what is -2420 + 8632?
6212
In base 9, what is 3007808 + 356?
3008265
In base 5, what is 13 - -34341044?
34341112
In base 7, what is 2 - 164421211?
-164421206
In base 16, what is -18590c3 - 4?
-18590c7
In base 14, what is -22 + ac16d?
ac14b
In base 14, what is 2a93d + -6?
2a937
In base 5, what is 20322413120 + 0?
20322413120
In base 15, what is cd + 11042e?
11050c
In base 13, what is 2 + 44a38c7a?
44a38c7c
In base 3, what is -10002100112 - 20000?
-10002120112
In base 15, what is -c4054b + -15?
-c40561
In base 10, what is -9242 + 339?
-8903
In base 4, what is -33330310003 + -201?
-33330310210
In base 13, what is -2436c656 - 6?
-2436c65c
In base 9, what is 18 - 1616750?
-1616731
In base 8, what is -3202120663 + 0?
-3202120663
In base 3, what is -100010 + 11020211211?
11020111201
In base 13, what is -2858b38 + 9?
-2858b2c
In base 10, what is -148 - 1197?
-1345
In base 7, what is -640606 - 204?
-641113
In base 11, what is -9629 + -4437?
-12a65
In base 12, what is 5137 - 2b17?
2220
In base 4, what is 122 - 1331121112?
-1331120330
In base 9, what is 61767582 + 35?
61767627
In base 3, what is -10220022 - 110202000220?
-110212221012
In base 6, what is -5141 + 11440?
2255
In base 10, what is 24 - -2928289?
2928313
In base 10, what is 135522 - 2095?
133427
In base 8, what is -4 + -140465037?
-140465043
In base 6, what is -22340014 - -300?
-22335314
In base 14, what is 8 + 8cc581d?
8cc5827
In base 15, what is -4 + 354532?
35452d
In base 16, what is -14ba74 - 4?
-14ba78
In base 15, what is 5925 - -3e95?
98ba
In base 6, what is 0 - -1225413542?
1225413542
In base 5, what is 1413 - -1440344?
1442312
In base 2, what is -100001 + -1001100100011011001110100?
-1001100100011011010010101
In base 3, what is 111002110121 + -2210?
111002100211
In base 2, what is -101101111011 - 10001010110000101?
-10010000100000000
In base 14, what is -4b + bd15ac?
bd1561
In base 2, what is -111001 - -100000110101100110?
100000110100101101
In base 10, what is -20583 - -1874?
-18709
In base 5, what is -13123043 + -222?
-13123320
In base 6, what is 32151 - -12110?
44301
In base 2, what is 10111000101110 - 100110111101000?
-1111110111010
In base 8, what is 4 + -6735065?
-6735061
In base 3, what is -11102200021212001 + -1?
-11102200021212002
In base 2, what is -111011010001001 + -1011?
-111011010010100
In base 12, what is -774527 - 4?
-77452b
In base 13, what is -b2c9 + 1bab?
-941b
In base 16, what is -2427 - 8dd?
-2d04
In base 4, what is 11 - -10223222232321?
10223222232332
In base 6, what is 3 - -11423023120?
11423023123
In base 9, what is -14524 + 2215?
-12308
In base 6, what is 1413321 + -130?
1413151
In base 8, what is -33163 - 41062?
-74245
In base 11, what is -133 - -56348?
56215
In base 13, what is 113b31 + -51?
113ab0
In base 11, what is -22 - -1731796?
1731774
In base 11, what is 5 + 2575108?
2575112
In base 14, what is -790 + 13a53?
132a3
In base 15, what is -5012310e + -1?
-50123110
In base 13, what is -2 + c82342?
c82340
In base 11, what 